i - 224 = p, -144 = p + i + 100. Let a = 152 + 204. Let r = p + a. List the prime factors of r.
3, 13
Let m(w) = w**2 - 14*w - 2. Suppose 5*b - 55 - 10 = 0. Let y be m(b). List the prime factors of (2 + -1)/(y/(-915)).
61
Suppose 5*i - 5*z - 1478 = 187, -1359 = -4*i - 5*z. Suppose 53 = o - i. List the prime factors of o.
389
Let y be 4*8/((-32)/(-5)). Suppose -y*k - r + 847 + 1563 = 0, 2*k - 964 = 2*r. What are the prime factors of k?
2, 241
Suppose 0 = 4*j - 3*v - 31572, 54*j - v = 50*j + 31572. List the prime factors of j.
3, 877
Let g(x) = 2*x**2 - 29*x - 65. List the prime factors of g(26).
13, 41
Let x = 119 - 110. Suppose 6*m + 348 = x*m. What are the prime factors of m?
2, 29
Let v(f) = 11*f - 51. Let g be v(5). Suppose -g*t - 3*t = -56. Suppose -11*z + t*z = -360. List the prime factors of z.
2, 3, 5
Let a(m) = 56*m - 21 + 84*m + 10*m - 32. List the prime factors of a(7).
997
Suppose -15*t + i = -10*t - 84625, 0 = -5*t + 2*i + 84625. List the prime factors of t.
5, 677
Suppose -3*g + 181839 = 3*h, 0 = 2*h - 6*h - 24. List the prime factors of g.
13, 4663
Let s = -117 - -121. Suppose p - 4*p - 3 = -2*x, -3*x = -s*p - 4. Suppose 2*m + m - 288 = x. List the prime factors of m.
2, 3
Let i(w) = -w**3 - 2*w**2 + 28*w + 3552. What are the prime factors of i(0)?
2, 3, 37
Let g(c) = -50*c - 69 - 29 - 27. What are the prime factors of g(-4)?
3, 5
Suppose -78 = -4*w + 3*j, 2*w - 8 = -3*j + 22. Let k = w + -20. Let q(l) = 11*l**2 + 2*l. What are the prime factors of q(k)?
2, 5
Suppose 4*s - 688 = -d, -3*s + 288 = -5*d - 251. Suppose 144 = -2*j - 0*j. Let h = j + s. What are the prime factors of h?
101
Suppose 15*z - 22748 - 149596 = 3*z. List the prime factors of z.
2, 43, 167
Let d = -523 + 2091. Suppose -3*h = 2*n - 2344, -6*n = -2*h - 2*n + d. What are the prime factors of h?
2, 17, 23
Let a(d) = -59*d - 56. Let u be a(-10). Let w = u + 326. List the prime factors of w.
2, 5, 43
Let d(j) = 3*j**2 - 6. Let u(m) = -m**2 - 9*m + 8. Let i be u(-10). Let h be d(i). Suppose -p + 106 = c - h*c, -3*p = 5*c - 258. List the prime factors of p.
7, 13
Let c(l) = -14*l + 23. Let h be c(-14). Suppose -h = -5*s + 146. Suppose 5*u - s = 182. What are the prime factors of u?
3, 17
Let x(y) = 2*y**3 + 16*y**2 + 8*y + 9. Let l(o) = -5*o**3 - 46*o**2 - 25*o - 26. Let v(s) = -3*l(s) - 8*x(s). Let m be 30*1*3/9. List the prime factors of v(m).
2, 29
Let q = 48 - 45. Let a(r) = -4 - 6*r**2 + 5*r + 18*r**2 - 4*r - 9 - r**q. List the prime factors of a(11).
7, 17
Suppose -t - 3*x = 2*x + 3, -4 = -4*t - 4*x. Suppose t*j = -8*j + 8260. Suppose -2*f = -5*i + 802, -f - j = -5*i - 5*f. What are the prime factors of i?
2, 3
Let v(o) = -1502*o + 6634. What are the prime factors of v(-6)?
2, 7823
Let m(c) = -8*c**3 - 17*c**2 - 175*c + 34. What are the prime factors of m(-9)?
2, 379
Suppose -3*v - 4*p + 20 = 0, 0 = -5*v - 3*p + 2*p + 5. Suppose v = -8*o - 5*o + 754. List the prime factors of o.
2, 29
Suppose -2*h = 4*q - 4, 0*h - 20 = 5*h. Suppose 0 = -2*f + q*z - 144 + 7, 5*f = z - 310. Let v = 70 + f. What are the prime factors of v?
3
Let n = 13858 - 693. What are the prime factors of n?
5, 2633
Let g = 3322 - -2374. Suppose 19*z - 17495 + g = 0. What are the prime factors of z?
3, 23
Suppose w = -h - 206, 0 = -5*h - 2*w + 7*w - 1050. Let c = h + 295. Let m = 149 - c. What are the prime factors of m?
2, 31
Suppose 35 = -73*m + 72*m. What are the prime factors of (-21)/m + 2052/5?
3, 137
Suppose 8*h = 2562 - 386. Suppose 5*t - h - 208 = 0. What are the prime factors of t?
2, 3
Let b be (1/4)/((-1 - 2)/(-15108)). Let p = b + -570. What are the prime factors of p?
13, 53
Let s = -878 + 938. What are the prime factors of ((-15)/s)/(5/(-6660))?
3, 37
Let j(p) = -p**2 - 310*p + 19523. List the prime factors of j(0).
7, 2789
Let w(x) = -x**2 + 6*x + 1. Let d be w(5). Let j(h) = 127 - h**3 - 47*h + 6*h**2 - 124 + 48*h. What are the prime factors of j(d)?
3
Let f = 2312 - -1902. List the prime factors of f.
2, 7, 43
Let k(d) = -13*d + 131. Let g = -108 - -87. What are the prime factors of k(g)?
2, 101
What are the prime factors of (-10)/(-40) + 5*((-9206)/(-8) + -2)?
2, 359
Suppose -451*g - 3679725 + 6770055 = -7634450. What are the prime factors of g?
2, 5, 29, 41
Let m = 704 - 388. Let l = 20 + m. What are the prime factors of l?
2, 3, 7
Suppose -5*s = 4*d - 103, -4*d + 122 = 2*s + 4. Let u be (-12156)/(-24) + 1/2. Suppose -5*w = -u + d. List the prime factors of w.
5, 19
What are the prime factors of 16/(-6)*(-158178)/164?
2, 643
Let a = 824 + 16840. What are the prime factors of a?
2, 3, 23
Suppose -27*m + 22*m = -4*k - 12870, -3*m - 4*k = -7690. Let v = m + -1710. List the prime factors of v.
2, 5, 43
Suppose 2*z + z + 23 = -h, 1 = h. List the prime factors of ((-2)/z*4)/(2/884).
2, 13, 17
Suppose 136*f - 2509567 - 953673 = 0. List the prime factors of f.
5, 11, 463
Suppose -4*z = -x - 80210, -5*z + 100294 = -5*x + 9*x. What are the prime factors of z?
2, 37, 271
Let w be 2*(2/(-3) - (-2162)/12). Let z be 183/61 - (1 + -2)*w. Suppose 4*d + 350 = 2*a + 2*d, -z = -2*a - 2*d. List the prime factors of a.
2, 89
Suppose -3 = -2*p + 5*h + 12, 45 = 4*p + 5*h. Let u be (-3267)/15 - (-8)/p. Let z = -56 - u. What are the prime factors of z?
7, 23
Suppose -2*p + 3*p = 4. Let b be (1/(p/9))/(8/96). Let a = 38 - b. What are the prime factors of a?
11
Suppose -2*d + 5*d = 12*d - 170739. List the prime factors of d.
61, 311
Suppose 3 = x - 2. Suppose x*l - 108 = 3*l. List the prime factors of l.
2, 3
Suppose 2693 + 1803 = 2*d. Suppose 527 + d = 15*f. What are the prime factors of f?
5, 37
Suppose -17 - 13 = -5*a. Let v(n) = n**3 - 3*n**2 - 14*n + 12. List the prime factors of v(a).
2, 3
Suppose 3*p = -5*l + 7720, -3*p + 243 = 258. List the prime factors of l.
7, 13, 17
Let o(k) = 15*k + 64. Let y(s) = s - 1. Let f(d) = -o(d) + 4*y(d). What are the prime factors of f(-8)?
2, 5
Let n(m) = -1510*m + 32. Let q be n(-4). Suppose 16*k - q - 6744 = 0. What are the prime factors of k?
3, 89
Suppose 30*c - 202302 = 924940 - 179182. List the prime factors of c.
2, 3, 23, 229
Suppose -50*d - 2 = -51*d. Suppose 0*m + 1538 = d*m. What are the prime factors of m?
769
Let i = 54922 - 30911. What are the prime factors of i?
13, 1847
What are the prime factors of (12243/7)/(0 - 3/16*-1)?
2, 11, 53
Let u = 3282 + 43585. List the prime factors of u.
46867
Let c = -93 + 95. Let z(a) = -8 - c*a + 14 - 22*a. What are the prime factors of z(-5)?
2, 3, 7
Suppose -152*m - 4*w = -151*m - 30752, -2*m - w + 61546 = 0. What are the prime factors of m?
2, 3847
Let g(f) = -f**2 - 4*f. Let y be (-6)/1 - 12/(-4). Let u be g(y). Suppose -38 - 118 = -3*l + u*r, 3*r - 124 = -2*l. What are the prime factors of l?
2, 7
Suppose 44*m = 47*m + 36. Let s(b) = -b**3 - 12*b**2 - b + 12. What are the prime factors of s(m)?
2, 3
Suppose w + 13 = 5*a, -81*w + 1 = -4*a - 84*w. Let d = -8 + 13. Suppose 0 = -a*s + 2*x - 6*x + 286, 429 = 3*s + d*x. What are the prime factors of s?
11, 13
Let r(x) = -x**3 + 4*x**2 + x + 2. Let s be r(4). Suppose -b = -2*l + s - 1, -5*l + 5*b = 0. Suppose -l*o = -592 - 288. What are the prime factors of o?
2, 11
Suppose 3*l - 94 - 29 = 0. Let x = l + 13. Suppose -x + 28 = -y. What are the prime factors of y?
2, 13
Suppose -11*p = 6834 - 1125. Let x = -509 - p. List the prime factors of x.
2, 5
Let b = 71 - 9. Suppose -b*j = -58*j - 252. What are the prime factors of j?
3, 7
Let i(s) = s**3 + 3*s**2 + 4*s + 3. Suppose 16*p + 26 - 90 = 0. List the prime factors of i(p).
131
Let h = 93571 + -58126. List the prime factors of h.
3, 5, 17, 139
Let c(k) = -901*k + 766. List the prime factors of c(-8).
2, 3, 443
Let t = -71 - -81. Suppose -t*y - 312 = -6*y. Let i = 88 + y. What are the prime factors of i?
2, 5
Suppose -100*v + 224784 = -16*v. What are the prime factors of v?
2, 3, 223
Let a = -18506 - -31033. What are the prime factors of a?
12527
Let l(f) = -177*f + 146. Let v(q) = -179*q + 147. Let s(y) = -7*l(y) + 6*v(y). List the prime factors of s(5).
5, 137
Suppose -206*w + 1821214 = 338426. List the prime factors of w.
2, 59, 61
Suppose -4*j - 6753 = -m, 27*m + 2*j = 31*m - 26956. List the prime factors of m.
6737
Let s = -221 + 581. Let j = s + -328. What are the prime factors of j?
2
Let q(k) be the first 